the units digit of 1237?
7
What is the units digit of 60770?
0
What is the units digit of 1601?
1
What is the hundreds digit of 9563?
5
What is the tens digit of 42513?
1
What is the hundreds digit of 4622?
6
What is the hundreds digit of 7871?
8
What is the hundreds digit of 17539?
5
What is the tens digit of 126?
2
What is the hundreds digit of 11440?
4
What is the hundreds digit of 1673?
6
What is the thousands digit of 35222?
5
What is the hundreds digit of 8911?
9
What is the hundreds digit of 719?
7
What is the hundreds digit of 25943?
9
What is the tens digit of 16632?
3
What is the tens digit of 2303?
0
What is the units digit of 96?
6
What is the tens digit of 787?
8
What is the units digit of 1781?
1
What is the units digit of 26114?
4
What is the hundreds digit of 21982?
9
What is the units digit of 801?
1
What is the units digit of 1638?
8
What is the hundreds digit of 4930?
9
What is the hundreds digit of 1748?
7
What is the ten thousands digit of 68776?
6
What is the thousands digit of 5750?
5
What is the thousands digit of 1390?
1
What is the hundreds digit of 7813?
8
What is the ten thousands digit of 12353?
1
What is the units digit of 68597?
7
What is the units digit of 768?
8
What is the units digit of 42456?
6
What is the units digit of 85857?
7
What is the tens digit of 5853?
5
What is the tens digit of 8493?
9
What is the hundreds digit of 10429?
4
What is the units digit of 52728?
8
What is the thousands digit of 1207?
1
What is the tens digit of 9913?
1
What is the hundreds digit of 84865?
8
What is the tens digit of 63822?
2
What is the units digit of 1787?
7
What is the units digit of 21220?
0
What is the tens digit of 13165?
6
What is the units digit of 996?
6
What is the thousands digit of 1070?
1
What is the tens digit of 22902?
0
What is the tens digit of 10893?
9
What is the units digit of 246?
6
What is the units digit of 38571?
1
What is the thousands digit of 1074?
1
What is the units digit of 2269?
9
What is the thousands digit of 25756?
5
What is the thousands digit of 3823?
3
What is the tens digit of 13997?
9
What is the units digit of 3484?
4
What is the hundreds digit of 5296?
2
What is the ten thousands digit of 18944?
1
What is the hundreds digit of 34060?
0
What is the units digit of 14194?
4
What is the units digit of 3035?
5
What is the hundreds digit of 7604?
6
What is the tens digit of 24364?
6
What is the hundreds digit of 224?
2
What is the units digit of 12230?
0
What is the tens digit of 82298?
9
What is the tens digit of 21095?
9
What is the hundreds digit of 29816?
8
What is the hundreds digit of 12030?
0
What is the thousands digit of 3771?
3
What is the thousands digit of 44448?
4
What is the tens digit of 6052?
5
What is the ten thousands digit of 135915?
3
What is the tens digit of 345?
4
What is the thousands digit of 2141?
2
What is the units digit of 1455?
5
What is the tens digit of 5505?
0
What is the tens digit of 7704?
0
What is the tens digit of 83270?
7
What is the tens digit of 2472?
7
What is the units digit of 45564?
4
What is the hundreds digit of 7188?
1
What is the hundreds digit of 1564?
5
What is the tens digit of 909?
0
What is the ten thousands digit of 20713?
2
What is the hundreds digit of 5674?
6
What is the tens digit of 1188?
8
What is the units digit of 2929?
9
What is the tens digit of 31624?
2
What is the thousands digit of 169910?
9
What is the tens digit of 6837?
3
What is the units digit of 4183?
3
What is the hundreds digit of 5915?
9
What is the hundreds digit of 2330?
3
What is the units digit of 186?
6
What is the hundreds digit of 19357?
3
What is the tens digit of 7481?
8
What is the units digit of 18623?
3
What is the units digit of 2469?
9
What is the hundreds digit of 2234?
2
What is the hundreds digit of 1580?
5
What is the tens digit of 19485?
8
What is the tens digit of 133?
3
What is the tens digit of 513?
1
What is the units digit of 66293?
3
What is the hundreds digit of 662?
6
What is the units digit of 42?
2
What is the hundreds digit of 11854?
8
What is the tens digit of 187618?
1
What is the tens digit of 19575?
7
What is the hundreds digit of 476?
4
What is the units digit of 2920?
0
What is the thousands digit of 15679?
5
What is the thousands digit of 3672?
3
What is the thousands digit of 19729?
9
What is the thousands digit of 6728?
6
What is the thousands digit of 71024?
1
What is the units digit of 142?
2
What is the thousands digit of 6081?
6
What is the thousands digit of 1386?
1
What is the tens digit of 18390?
9
What is the ten thousands digit of 12899?
1
What is the thousands digit of 42355?
2
What is the thousands digit of 8919?
8
What is the hundreds digit of 702?
7
What is the tens digit of 31113?
1
What is the thousands digit of 4312?
4
What is the tens digit of 30500?
0
What is the tens digit of 1398?
9
What is the tens digit of 27949?
4
What is the hundreds digit of 13371?
3
What is the thousands digit of 14221?
4
What is the hundreds digit of 55051?
0
What is the tens digit of 1469?
6
What is the hundreds digit of 788?
7
What is the tens digit of 32740?
4
What is the thousands digit of 5299?
5
What is the hundreds digit of 7532?
5
What is the thousands digit of 2580?
2
What is the units digit of 295?
5
What is the thousands digit of 4192?
4
What is the hundreds digit of 726?
7
What is the tens digit of 127?
2
What is the hundreds digit of 164140?
1
What is the hundreds digit of 42739?
7
What is the thousands digit of 7370?
7
What is the hundreds digit of 24216?
2
What is the units digit of 4437?
7
What is the hundreds digit of 3536?
5
What is the tens digit of 45622?
2
What is the thousands digit of 9099?
9
What is the tens digit of 10896?
9
What is the hundreds digit of 1068?
0
What is the ten thousands digit of 55312?
5
What is the hundreds digit of 2051?
0
What is the units digit of 957?
7
What is the thousands digit of 3776?
3
What is the hundreds digit of 86770?
7
What is the thousands digit of 14183?
4
What is the tens digit of 7363?
6
What is the tens digit of 54604?
0
What is the tens digit of 14331?
3
What is the ten thousands digit of 14317?
1
What is the thousands digit of 21051?
1
What is the units digit of 2063?
3
What is the units digit of 1425?
5
What is the units digit of 31532?
2
What is the ten thousands digit of 70804?
7
What is the hundreds digit of 302?
3
What is the thousands digit of 25048?
5
What is the tens digit of 48?
4
What is the tens digit of 7123?
2
What is the hundreds digit of 169?
1
What is the units digit of 922?
2
What is the units digit of 1975?
5
What is the tens digit of 12534?
3
What is the tens digit of 3017?
1
What is the thousands digit of 1487?
1
What is the thousands digit of 23419?
3
What is the tens digit of 493?
9
What is the ten thousands digit of 16995?
1
What is the thousands digit of 6844?
6
What is the units digit of 11629?
9
What is the thousands digit of 9560?
9
What is the units digit of 726?
6
What is the tens digit of 749?
4
What is the thousands digit of 20536?
0
What is the thousands digit of 5538?
5
What is the tens digit of 6322?
2
What is the thousands digit of 72687?
2
What is the thousands digit of 1494?
1
What is the ten thousands digit of 170244?
7
What is the units digit of 466?
6
What is the tens digit of 57598?
9
What is the tens digit of 75756?
5
What is the hundreds digit of 9902?
9
What is the units digit of 1046?
6
What is the units digit of 4365?
5
What is the hundreds digit of 1550?
5
What is the hundreds digit of 918?
9
What is the thousands digit of 4164?
4
What is the units digit of 9554?
4
What is the tens digit of 3886?
8
What is the units digit of 649?
9
What is the tens digit of 38590?
9
What is the tens digit of 54789?
8
What is the tens digit of 28945?
4
What is the tens digit of 2753?
5
What is the tens digit of 689?
8
What is the tens digit of 541?
4
What is the tens digit of 3003?
0
What is the hundreds digit of 15135?
1
What is the hundreds digit of 981?
9
What is the units digit of 3330?
0
What is the tens digit of 1636?
3
What is the thousands digit of 42843?
2
What is the thousands digit of 17475?
7
What is the tens digit of 6759?
5
What is the hundreds digit of 16038?
0
What is the hundreds digit of 22270?
2
What is the tens